56730?
0
What is the ten thousands digit of 223141480?
4
What is the millions digit of 1010147526?
0
What is the ten thousands digit of 164021271?
2
What is the thousands digit of 73526017?
6
What is the ten millions digit of 400555550?
0
What is the ten millions digit of 435337166?
3
What is the millions digit of 466621343?
6
What is the tens digit of 18674941?
4
What is the units digit of 71671609?
9
What is the hundred millions digit of 750804510?
7
What is the ten thousands digit of 882689?
8
What is the units digit of 466574733?
3
What is the hundred thousands digit of 82034014?
0
What is the millions digit of 99087274?
9
What is the tens digit of 3494780581?
8
What is the ten millions digit of 117463535?
1
What is the millions digit of 3658434457?
8
What is the thousands digit of 2789078660?
8
What is the ten millions digit of 2096443601?
9
What is the hundred millions digit of 2103277341?
1
What is the ten millions digit of 4281426987?
8
What is the millions digit of 12187115?
2
What is the ten millions digit of 187552058?
8
What is the ten thousands digit of 82783967?
8
What is the hundreds digit of 28084424?
4
What is the hundreds digit of 46340349?
3
What is the units digit of 45571061?
1
What is the billions digit of 5471371200?
5
What is the hundreds digit of 173758174?
1
What is the thousands digit of 56571103?
1
What is the ten millions digit of 1439010460?
3
What is the ten thousands digit of 97644164?
4
What is the ten millions digit of 1194980343?
9
What is the millions digit of 1303729062?
3
What is the tens digit of 82763484?
8
What is the tens digit of 1551919762?
6
What is the hundreds digit of 72457247?
2
What is the hundred thousands digit of 64349596?
3
What is the hundred millions digit of 159355728?
1
What is the hundred millions digit of 232005817?
2
What is the tens digit of 692344091?
9
What is the ten millions digit of 1055664765?
5
What is the hundreds digit of 85405401?
4
What is the thousands digit of 1560431270?
1
What is the millions digit of 916366656?
6
What is the units digit of 35420004?
4
What is the ten millions digit of 53148141?
5
What is the units digit of 73269556?
6
What is the units digit of 9861096?
6
What is the ten thousands digit of 190904547?
0
What is the ten millions digit of 12572317?
1
What is the thousands digit of 1050403077?
3
What is the units digit of 6045302?
2
What is the ten millions digit of 899242942?
9
What is the units digit of 4658534?
4
What is the ten thousands digit of 93632140?
3
What is the hundreds digit of 1786585459?
4
What is the thousands digit of 216394453?
4
What is the millions digit of 78076566?
8
What is the units digit of 52802409?
9
What is the millions digit of 1438132058?
8
What is the hundred millions digit of 102260557?
1
What is the ten thousands digit of 189854036?
5
What is the units digit of 1527711832?
2
What is the units digit of 102797626?
6
What is the ten thousands digit of 100299122?
9
What is the millions digit of 123127620?
3
What is the ten thousands digit of 213530056?
3
What is the hundred millions digit of 871208469?
8
What is the tens digit of 2499244322?
2
What is the hundred thousands digit of 1613354987?
3
What is the units digit of 452300685?
5
What is the hundreds digit of 82208584?
5
What is the hundred millions digit of 556748924?
5
What is the hundred millions digit of 1704285382?
7
What is the millions digit of 49617016?
9
What is the ten millions digit of 824742614?
2
What is the tens digit of 288162569?
6
What is the thousands digit of 333087066?
7
What is the ten millions digit of 8626332512?
2
What is the billions digit of 3253573129?
3
What is the millions digit of 317381873?
7
What is the millions digit of 300231286?
0
What is the hundred millions digit of 369895812?
3
What is the tens digit of 3706861?
6
What is the hundreds digit of 929150969?
9
What is the ten millions digit of 216182150?
1
What is the millions digit of 261620038?
1
What is the tens digit of 2961967765?
6
What is the ten thousands digit of 93025096?
2
What is the ten millions digit of 1717438635?
1
What is the hundred millions digit of 393839911?
3
What is the units digit of 39327576?
6
What is the hundred millions digit of 660852040?
6
What is the hundred millions digit of 494268532?
4
What is the ten millions digit of 116483920?
1
What is the units digit of 955151424?
4
What is the hundreds digit of 584868640?
6
What is the hundred thousands digit of 47522452?
5
What is the hundred thousands digit of 528966694?
9
What is the hundred thousands digit of 318940842?
9
What is the ten millions digit of 16526444?
1
What is the millions digit of 545390950?
5
What is the thousands digit of 162080806?
0
What is the thousands digit of 3886827450?
7
What is the hundreds digit of 66842098?
0
What is the units digit of 56990725?
5
What is the ten millions digit of 3217590795?
1
What is the units digit of 2021974331?
1
What is the ten millions digit of 22330677?
2
What is the hundreds digit of 654089294?
2
What is the thousands digit of 488848171?
8
What is the ten thousands digit of 640468019?
6
What is the thousands digit of 6915247300?
7
What is the hundreds digit of 1721882601?
6
What is the hundred thousands digit of 762960446?
9
What is the tens digit of 5143109398?
9
What is the hundreds digit of 145507477?
4
What is the thousands digit of 68206629?
6
What is the hundreds digit of 687513813?
8
What is the ten millions digit of 68405405?
6
What is the tens digit of 296374979?
7
What is the hundred thousands digit of 1919040494?
0
What is the hundred thousands digit of 120039198?
0
What is the tens digit of 84977973?
7
What is the hundred thousands digit of 177116279?
1
What is the tens digit of 3691176?
7
What is the ten thousands digit of 3067229582?
2
What is the ten thousands digit of 1999912943?
1
What is the hundred thousands digit of 93282627?
2
What is the hundred thousands digit of 219097495?
0
What is the millions digit of 115945254?
5
What is the thousands digit of 2804103498?
3
What is the units digit of 798928712?
2
What is the hundred millions digit of 162145243?
1
What is the hundreds digit of 102976811?
8
What is the ten thousands digit of 3157843792?
4
What is the millions digit of 2317132740?
7
What is the hundred thousands digit of 818084670?
0
What is the ten millions digit of 26306512?
2
What is the thousands digit of 124381700?
1
What is the hundred thousands digit of 4920644?
9
What is the hundred thousands digit of 660750639?
7
What is the ten thousands digit of 1400135?
0
What is the tens digit of 125885712?
1
What is the ten thousands digit of 454285120?
8
What is the tens digit of 1202877106?
0
What is the units digit of 148036275?
5
What is the hundred thousands digit of 37859054?
8
What is the thousands digit of 89488463?
8
What is the ten millions digit of 42321066?
4
What is the millions digit of 79389617?
9
What is the hundred millions digit of 5184767298?
1
What is the hundred millions digit of 586950303?
5
What is the hundred thousands digit of 173376922?
3
What is the units digit of 66301172?
2
What is the millions digit of 3774402952?
4
What is the thousands digit of 2532824547?
4
What is the hundred millions digit of 125328361?
1
What is the units digit of 91982617?
7
What is the thousands digit of 62941639?
1
What is the units digit of 144643084?
4
What is the hundred thousands digit of 390656019?
6
What is the tens digit of 150745812?
1
What is the hundreds digit of 268219086?
0
What is the ten millions digit of 801413013?
0
What is the hundred thousands digit of 74010942?
0
What is the units digit of 397818997?
7
What is the hundred millions digit of 289777233?
2
What is the hundreds digit of 425879522?
5
What is the hundreds digit of 44344280?
2
What is the ten millions digit of 56038223?
5
What is the ten millions digit of 3680678756?
8
What is the ten millions digit of 329446221?
2
What is the hundred thousands digit of 58195400?
1
What is the thousands digit of 5286174?
6
What is the thousands digit of 3196230?
6
What is the tens digit of 58336859?
5
What is the hundreds digit of 334967?
9
What is the millions digit of 80888058?
0
What is the hundred thousands digit of 85585016?
5
What is the hundreds digit of 63